rime number?
False
Is 806813 a prime number?
False
Is 2299637 a prime number?
True
Is 2707457 a prime number?
True
Is 9425681 composite?
True
Is 18693457 prime?
False
Is 195600205 a prime number?
False
Is 30903359 a composite number?
True
Is 2351281 a prime number?
True
Is 71492983 prime?
False
Is 17436481 prime?
False
Is 36496177 composite?
False
Is 1398716317 a composite number?
False
Is 452481 a composite number?
True
Is 882865 a composite number?
True
Is 109832927 composite?
True
Is 120172303 composite?
True
Is 1183109 prime?
False
Is 9775837 a composite number?
False
Is 48253499 composite?
True
Is 137585387 prime?
True
Is 35768053 a prime number?
True
Is 103929193 a composite number?
False
Is 15878071 a prime number?
False
Is 31690697 a composite number?
True
Is 1692911491 prime?
True
Is 107435297 composite?
False
Is 385477049 prime?
True
Is 10617647 a prime number?
False
Is 65336723 prime?
True
Is 35762709 prime?
False
Is 462773 composite?
False
Is 7620553 prime?
False
Is 20608349 prime?
True
Is 11706407 prime?
True
Is 910417 a composite number?
True
Is 51746333 a prime number?
False
Is 6962147 prime?
True
Is 567085 prime?
False
Is 168067 a prime number?
True
Is 265482013 prime?
False
Is 105283 a composite number?
True
Is 117499027 prime?
False
Is 2209241 composite?
True
Is 194476847 prime?
False
Is 29997521 prime?
True
Is 32792509 composite?
False
Is 1215789667 prime?
True
Is 40887673 prime?
True
Is 58334933 a prime number?
True
Is 1737733 prime?
True
Is 266221 composite?
False
Is 152519 a prime number?
True
Is 3343309 a prime number?
True
Is 473647 a prime number?
True
Is 55737637 composite?
True
Is 8231703 prime?
False
Is 1510141 composite?
False
Is 20660099 a prime number?
True
Is 40541057 prime?
False
Is 10107589 composite?
False
Is 8627977 prime?
True
Is 4744127 prime?
True
Is 98600999 a composite number?
True
Is 228567697 a composite number?
False
Is 17423066 prime?
False
Is 47188299 composite?
True
Is 32469947 composite?
False
Is 322126769 a composite number?
False
Is 15396719 a composite number?
True
Is 470993 a prime number?
True
Is 14258627 a prime number?
False
Is 1909927 a composite number?
False
Is 3204077 composite?
True
Is 9641543 a prime number?
False
Is 1416913 a prime number?
True
Is 3370531 a composite number?
False
Is 33094811 prime?
False
Is 40359191 prime?
False
Is 14419651 composite?
True
Is 778359 prime?
False
Is 7812599 a prime number?
True
Is 84296579 prime?
True
Is 36353407 composite?
True
Is 1724882 a prime number?
False
Is 837139 a composite number?
False
Is 38393689 a composite number?
True
Is 36223093 composite?
False
Is 2237219 prime?
True
Is 34201859 a composite number?
True
Is 848669 a composite number?
True
Is 23424799 composite?
False
Is 18761349 prime?
False
Is 3383669 a prime number?
True
Is 28414346 a prime number?
False
Is 25222667 prime?
False
Is 1333519 composite?
True
Is 481558289 a prime number?
True
Is 83818183 composite?
True
Is 76339 composite?
True
Is 1142407997 prime?
False
Is 838349 a prime number?
True
Is 6577273 a prime number?
True
Is 124447307 composite?
False
Is 71639551 a prime number?
True
Is 7049327 prime?
False
Is 2286163 composite?
True
Is 8585497 composite?
False
Is 4024213 prime?
False
Is 26161211 composite?
False
Is 28184367 a composite number?
True
Is 23504695 a composite number?
True
Is 52467391 a composite number?
False
Is 6576981 a composite number?
True
Is 20129302 a composite number?
True
Is 39725299 prime?
True
Is 37482763 composite?
True
Is 2426537 a composite number?
False
Is 160309 a prime number?
True
Is 7515554 a composite number?
True
Is 3665357 a composite number?
False
Is 8489 a prime number?
False
Is 76033513 a prime number?
True
Is 38471999 a composite number?
False
Is 30238109 a prime number?
False
Is 75078247 a composite number?
False
Is 795427 a prime number?
True
Is 274837837 prime?
False
Is 1321901 prime?
False
Is 934009 composite?
False
Is 76227479 a prime number?
True
Is 7239259 a prime number?
False
Is 13567363 prime?
True
Is 120046393 a composite number?
False
Is 25231589 a composite number?
True
Is 163015954 composite?
True
Is 353747 composite?
False
Is 415711397 prime?
False
Is 158861053 prime?
False
Is 19691129 composite?
False
Is 118343 a composite number?
False
Is 144969679 a composite number?
False
Is 4521793 a prime number?
True
Is 1019411 a composite number?
False
Is 7234249 composite?
True
Is 8519957 a prime number?
True
Is 1652129 composite?
False
Is 25800307 a prime number?
False
Is 86403719 composite?
True
Is 113435359 prime?
True
Is 320921 prime?
False
Is 20873971 a composite number?
True
Is 12971285 a composite number?
True
Is 117906041 a composite number?
True
Is 147907 a prime number?
False
Is 9382391 composite?
False
Is 162436817 composite?
False
Is 698746 prime?
False
Is 386861 composite?
True
Is 8944707 prime?
False
Is 204691906 a composite number?
True
Is 242482133 a prime number?
True
Is 31507633 prime?
True
Is 46890397 a composite number?
True
Is 986502811 a composite number?
True
Is 10021883 prime?
True
Is 119047637 prime?
False
Is 2477389 composite?
True
Is 5806987 composite?
False
Is 8877091 a prime number?
True
Is 7758539 a prime number?
False
Is 770639 a composite number?
False
Is 712009 composite?
True
Is 26742869 composite?
False
Is 1504526 prime?
False
Is 105852613 a prime number?
True
Is 29127277 a prime number?
True
Is 95758027 prime?
True
Is 3484561 prime?
True
Is 11530591 a composite number?
False
Is 423397571 a composite number?
True
Is 23888243 prime?
False
Is 37945253 a prime number?
False
Is 17153849 prime?
True
Is 969193 a composite number?
True
Is 6367442 a prime number?
False
Is 50526277 prime?
True
Is 18180273 prime?
False
Is 11828721 a composite number?
True
Is 3377053 a prime number?
False
Is 113143777 composite?
True
Is 195970331 a prime number?
True
Is 89539477 composite?
True
Is 157626037 a prime number?
True
Is 40982369 a composite number?
False
Is 134439091 prime?
True
Is 2181629 composite?
False
Is 810941 prime?
True
Is 14728687 prime?
True
Is 1995407 prime?
False
Is 18625085 a prime number?
False
Is 2042459 composite?
False
Is 3936577 composite?
False
Is 5890517 composite?
True
Is 71492879 prime?
False
Is 37118941 a composite number?
True
Is 821603 composite?
False
Is 147749 prime?
False
Is 167593579 a composite number?
True
Is 770495041 a prime number?
True
Is 10112393 prime?
False
Is 10018165 composite?
True
Is 409757903 composite?
True
Is 32214155 prime?
False
Is 2957 composite?
False
Is 31743191 prime?
True
Is 6299233 a composite number?
True
Is 66613619 prime?
True
Is 6033581 prime?
True
Is 89347073 a prime number?
True
Is 5714803 prime?
True
Is 593144431 a composite number?
True
Is 6623777 a prime number?
False
Is 145314643 a prime number?
True
Is 48672031 a composite number?
False
Is 75979069 composite?
True
Is 1064859 a composite number?
True
Is 97425203 composite?
True
Is 149597947 a composite number?
True
Is 130201319 a composite number?
True
Is 230849 prime?
True
Is 136424271 prime?
False
Is 35133053 prime?
False
Is 1676789 prime?
False
Is 13837177 a composite number?
False
Is 229235563 a prime number?
True
Is 33971543 a prime number?
True
Is 20459459 composite?
False
Is 364267 prime?
True
Is 279339 prime?
False
Is 110443777 prime?
False
Is 24833971 a prime number?
True
Is 4044569 a prime number?
False
Is 230946566 a prime number?
False
Is 181728797 composite?
False
Is 5503339 prime?
True
Is 3405637 prime?
True
Is 137042 a prime number?
False
Is 3707051 composite?
False
Is 2305682 a prime number?
False
Is 1118213 prime?
False
Is 775125113 a prime number?
False
Is 36665413 prime?
False
Is 20311139 composite?
True
Is 2223505 composite?
True
Is 147323179 a composite number?
False
Is 4710899 a composite number?
False
Is 38931787 a prime number?
True
Is 211007 composite?
False
Is 7693403 a composite number?
False
Is 20545619 a prime number?
False
Is 78585361 composite?
False
Is 38061577 composite?
False
Is 249701143 composite?
True
Is 40945493 a composite number?
False
Is 5770833 a composite number?
True
Is 18660497 a prime number?
False
Is 331861 a composite number?
True
Is 473753 a composite number?
True
Is 6843383 prime?
False
Is 586315229 a prime number?
True
Is 52201429 composite?
Tr